{"id":4504,"date":"2017-02-21T18:32:13","date_gmt":"2017-02-21T18:32:13","guid":{"rendered":"https:\/\/lacollita.com\/?page_id=4504"},"modified":"2017-04-23T11:39:28","modified_gmt":"2017-04-23T11:39:28","slug":"fent-amics","status":"publish","type":"page","link":"https:\/\/lacollita.com?page_id=4504","title":{"rendered":"Fent amics"},"content":{"rendered":"<p align=\"center\"><b>NOSALTRES DIEM QUE HEM FET MOLTS M\u00c9S AMICS QUE CLIENTS<\/b>.<\/p>\n<p align=\"left\">Aqu\u00ed hi ha algunes fotos que hem trobat; nom\u00e9s s\u00f3n una part de les persones que han passat per casa nostra, per\u00f2 d&#8217;altra banda, prou significatives com per fer-se una idea de com s\u00f3n les estades.<\/p>\n<p>Per a les persones que sortiu a les fotos i per tots els qui heu passat per casa nostra, una abra\u00e7ada ben forta de la Roser i meva.<\/p>\n<p>Pel que fa als comentaris&#8230; b\u00e9, sense comentaris!<\/p>\n","protected":false},"excerpt":{"rendered":"<p>NOSALTRES DIEM QUE HEM FET MOLTS M\u00c9S AMICS QUE CLIENTS. Aqu\u00ed hi ha algunes fotos que hem trobat; nom\u00e9s s\u00f3n una part de les persones que han passat per casa nostra, per\u00f2 d&#8217;altra banda, prou significatives com per fer-se una idea de com s\u00f3n les estades. Per a les persones que sortiu a les fotos&#8230; <\/p>\n<div class=\"clear\"><\/div>\n<p><a href=\"https:\/\/lacollita.com?page_id=4504\" class=\"excerpt-read-more\">Continue Reading<i class=\"fa fa-long-arrow-right icon-long-arrow-right\"><\/i><\/a><\/p>\n","protected":false},"author":3,"featured_media":0,"parent":4560,"menu_order":0,"comment_status":"closed","ping_status":"closed","template":"","meta":{"footnotes":""},"_links":{"self":[{"href":"https:\/\/lacollita.com\/index.php?rest_route=\/wp\/v2\/pages\/4504"}],"collection":[{"href":"https:\/\/lacollita.com\/index.php?rest_route=\/wp\/v2\/pages"}],"about":[{"href":"https:\/\/lacollita.com\/index.php?rest_route=\/wp\/v2\/types\/page"}],"author":[{"embeddable":true,"href":"https:\/\/lacollita.com\/index.php?rest_route=\/wp\/v2\/users\/3"}],"replies":[{"embeddable":true,"href":"https:\/\/lacollita.com\/index.php?rest_route=%2Fwp%2Fv2%2Fcomments&post=4504"}],"version-history":[{"count":10,"href":"https:\/\/lacollita.com\/index.php?rest_route=\/wp\/v2\/pages\/4504\/revisions"}],"predecessor-version":[{"id":5367,"href":"https:\/\/lacollita.com\/index.php?rest_route=\/wp\/v2\/pages\/4504\/revisions\/5367"}],"up":[{"embeddable":true,"href":"https:\/\/lacollita.com\/index.php?rest_route=\/wp\/v2\/pages\/4560"}],"wp:attachment":[{"href":"https:\/\/lacollita.com\/index.php?rest_route=%2Fwp%2Fv2%2Fmedia&parent=4504"}],"curies":[{"name":"wp","href":"https:\/\/api.w.org\/{rel}","templated":true}]}}